8. Let m be d(0). Let n be (-60)/2*m/6. Suppose 12*s - 8*s - n = 0. What is the units digit of s?
5
What is the units digit of 94*11/((-44)/(-114))?
9
Let z = -4289 - -7613. What is the tens digit of z?
2
Suppose 0 = -3*v + 5*n + 115, 3*v - n - 101 = -3*n. Let q = v - 3. What is the tens digit of q?
3
Let i(d) be the first derivative of d**3/3 - 3*d**2 - 14*d - 2. Let a be i(10). Let k = -11 + a. What is the tens digit of k?
1
Suppose -3*a + 525 = -0*a - 5*i, 3*i - 175 = -a. What is the units digit of a?
5
Let w(g) be the third derivative of g**6/240 - g**5/24 + g**4/24 + 6*g**2. Let s(d) be the second derivative of w(d). What is the units digit of s(4)?
7
Let k be 18 - 6*((-48)/(-9))/8. Suppose 2*m - 5*m = 5*b + 22, -b - 3 = 2*m. Let y = b + k. What is the units digit of y?
9
Suppose 3*l + 2*f - 161 = 0, -2*l + 2*f = -f - 103. Suppose l = 2*w + q, -5*q = 6*w - 2*w - 103. Let m = 49 - w. What is the units digit of m?
2
Let t be (16/40)/(2/220). Suppose -5*g + t = -5*y + 9, 3*y = -15. Suppose 3*s = -g*u - 1 + 6, 6 = -3*u. What is the units digit of s?
3
Let a = 289 + -159. What is the tens digit of a?
3
Let t be 0 - (3 + -6 - 1). Suppose -t*u - 79 = -5*u. What is the units digit of u?
9
Let i(u) = u**3 + u**2 - u - 2. Suppose -3*l = -3*z + 3, 2*l = -z - 3*l - 11. Let m be i(z). What is the tens digit of m + 43 - 4/(-1)?
4
Let s(t) = 4*t**2 - 2*t + 2. Let w(q) = q**3 + q**2. Let v(j) = -s(j) + 4*w(j). What is the tens digit of v(3)?
1
Let j = 872 + -830. What is the tens digit of j?
4
Let v(t) = 22*t**3 + t**2 + t - 1. Let m(o) = -23*o**3 - o**2 - 2*o + 2. Let q(d) = 3*m(d) + 4*v(d). What is the units digit of q(1)?
0
Let w = -59 - -105. Suppose w + 36 = p. What is the tens digit of p?
8
Let x(z) be the first derivative of -z**3/3 - 9*z**2/2 - z - 2. Let a = 48 + -55. What is the units digit of x(a)?
3
Suppose -8299 + 3101 = -23*w. What is the tens digit of w?
2
Let j = 12 - 7. Suppose -j*f + 6 = -8*f. What is the tens digit of f + (66 - 0/1)?
6
Let z be 4/8 - (-26)/(-12)*3. Let c(d) = -7*d + 4. What is the tens digit of c(z)?
4
Suppose 4*k + 7*c - 2*c + 2 = 0, -14 = -5*k + 2*c. What is the hundreds digit of (-1 - -117)*k - 1?
2
Let g be 2890/(-51) + 2/(-6). Let c = g - -95. What is the tens digit of c?
3
Let b = 19 + -15. Suppose 2*p - b*z - 640 = 0, 5*z - 473 - 1172 = -5*p. Suppose -5*c = -5*d - 3*c + p, 0 = -2*d - 3*c + 119. What is the units digit of d?
4
Let d = -2 + 0. Let f(t) = t**2 + t + 1. Let j be f(d). Suppose 2*w + 6*v - j*v = 38, 3*w - 5*v = 38. What is the units digit of w?
6
Let s = 5 + -8. Let l be (-15 + s)*1/(-2). Suppose -l - 15 = -4*g. What is the units digit of g?
6
Let s be ((-120)/(-18))/2*(-24)/(-10). Let w(v) = 15*v + 7. What is the hundreds digit of w(s)?
1
Let l(f) = -f**3 + 9*f**2 - 2*f + 5. Let r(q) = q**2 - 9*q + 24. Let t be r(6). What is the hundreds digit of l(t)?
1
Let r(q) = q**3 - 4*q**2 + q + 2. Let z(c) = -2*c**3 + 9*c**2 - 3*c - 4. Let k(t) = -5*r(t) - 2*z(t). Let j be k(2). What is the units digit of 2/(-4)*(j + -6)?
3
Let x(z) = 0*z + 0 + z + 2*z - 1. Let j be x(-6). Let d = 74 + j. What is the tens digit of d?
5
Let t be ((-4)/6)/(7/(-42)). Suppose -t*k = -y + k + 38, 2*y = -k + 54. What is the tens digit of y?
2
What is the hundreds digit of 1383/(-15)*(-8 + (-3 - -6))?
4
Let j be (-2 + 3)/((-4)/(-20)). Suppose 0 = 5*f - 6*f + 19. Let n = f + j. What is the tens digit of n?
2
Let z = -15 - -58. Let l = -28 + z. What is the units digit of l?
5
Let s(a) = 21*a - 28. What is the tens digit of s(22)?
3
Let v = 1458 + 398. What is the thousands digit of v?
1
Suppose 0 = 14*t - 1353 - 75. Suppose -8*j + t = -6*j. What is the tens digit of j?
5
Let r be (2/2)/(4/8). Let w(m) = -2*m**2 + 5*m + 5 + 2*m**r + m**2 + 3*m. What is the units digit of w(-8)?
5
Suppose -7*z - 171 = 2*z. Let y = 33 + z. What is the units digit of y?
4
Suppose 5*m + 180 = -5*u, 1 = 4*m - 3. Let f = 68 + u. What is the tens digit of f?
3
Suppose 4 = 2*r + 4*s, 5*r + 5 = -5*s + 15. Let v(h) = h**r + 10 - 2 - 5. What is the units digit of v(-4)?
9
Suppose -38 = 4*v + 230. Let m = 137 + v. What is the tens digit of m?
7
Let h = -100 + 154. What is the units digit of h?
4
Suppose -2*c + 44 = -2*l, -2*l = -c + 3*l + 14. Let m = 68 - c. Suppose 4*a - m - 36 = 0. What is the units digit of a?
0
Suppose -1916 + 518 = -5*t + 3*k, -t - 4*k + 298 = 0. What is the tens digit of t?
8
Let h be 2*3 - (6 + -4). Suppose -h*q = q - 535. What is the tens digit of q?
0
Suppose -6*z = -7*z + 13. Suppose 4*o = 4*p - o - z, -o - 5 = -2*p. Suppose -r + 4 = p. What is the units digit of r?
2
What is the thousands digit of 7648/((-4)/(-2)) + 2?
3
Let s = 7744 + -5276. What is the tens digit of s?
6
Let i(q) = 9*q**2 - q - 2 + 0*q - 2*q. Suppose -2 = 4*r - 2*r. What is the units digit of i(r)?
0
Suppose 0 = -8*t + t + 875. Let z = t + -83. Let j = z - 0. What is the tens digit of j?
4
Suppose -7*w + 2016 = 9*w. What is the units digit of w?
6
Let c(z) = 52*z**2 - 2*z - 10. What is the tens digit of c(3)?
5
Suppose -7*m + 6102 = 2385. What is the hundreds digit of m?
5
Let z(d) = -d**2 - 3*d + 2. Let v be z(3). What is the tens digit of ((-76)/16)/(2/v)?
3
Let t(i) = -7*i + 16. Let x be t(-12). Suppose v + 37 - x = 0. What is the tens digit of (4 - 0)*v/4?
6
Suppose -4*n = -5*y + 1680, -3*y - 2083 = 5*n - 5*y. Let b = -292 - n. What is the tens digit of b?
2
Suppose -2*n = 2*x - 52, 4*x = 2*n - 13 - 9. Let a be 60/35 + 6/n. Suppose 5*p - 3*q = 40, p - a*q - 7 = 1. What is the units digit of p?
8
What is the thousands digit of 5043240/1140 + (-4)/(-38)?
4
Let p(o) = 59*o**3. Let d be p(1). Suppose -4*j + d = -29. Suppose -j = c + 5*r, 3*c - r = c + 11. What is the units digit of c?
3
Let u be 1/3*0 - -3. Suppose -u*d - 38 = -t - 0*d, 130 = 3*t - 5*d. What is the units digit of t?
0
Let w(q) = -3*q - 5. Let p be w(-6). Suppose -m + 3*h = m + p, -2 = -2*m - 2*h. What is the units digit of (-618)/(-36) - m/(-12)?
7
What is the hundreds digit of (32/(-20))/4*-1875?
7
Suppose 2*i = 5*r - 0*i + 9, 2*r + 2*i = 2. Let n be r/((-1)/(8*2)). Suppose -4*j = -28 - n. What is the tens digit of j?
1
Let b be 3/(-6) + 72/16. Suppose -x - 306 = -b*q, -3*x - 361 + 59 = -4*q. What is the units digit of q?
7
Let t = 785 - -42. What is the tens digit of t?
2
What is the thousands digit of 1294/9*(-10 - -19)?
1
Let g be ((-6)/4)/(30/160). Let m be g/(-6)*639/6. What is the tens digit of 9/(-27) + m/3?
4
Let d = 1133 + -672. What is the hundreds digit of d?
4
What is the units digit of 2/(8/12) - -71?
4
Suppose 4*i - 37*x - 3275 = -42*x, 5*x - 2460 = -3*i. What is the units digit of i?
5
Let a be (2/3)/(2/9*3). What is the units digit of (2*(-1)/(-2))/(a/173)?
3
Let r(s) = -21*s + 96. What is the hundreds digit of r(-14)?
3
Let k(f) be the third derivative of f**6/120 + f**5/5 + f**4/3 + 17*f**3/6 + 4*f**2. Let m be k(-12). Let t = -52 - m. What is the tens digit of t?
2
Suppose -3*t + 400 = 7*t. What is the hundreds digit of (-32)/t*(-131 - (-3 + 2))?
1
Let g(q) = -9*q + 160. Let k be (-2)/(-10) + 10/(-50). What is the hundreds digit of g(k)?
1
Suppose -5*h - 27 = -5*w - 82, 0 = -4*w - 16. Suppose -h*s + 3*s + 2*b = 78, 3*s + 76 = -2*b. Let v = -18 - s. What is the units digit of v?
4
Let b(o) = -o**3 - 2*o**2 - 9*o. Let t be b(-4). Let y = -2 + 5. Suppose y*g = -k + 32, 3*g = 4*k - 196 + t. What is the units digit of k?
2
Suppose 3*m - 617 = 328. What is the tens digit of m?
1
Let u be -15*(5/3 + -2). Let a be (-35)/(-10)*8/14. Suppose u*z - 42 = a*z. What is the units digit of z?
4
Suppose 252 = -5*g + 9*g. Let q = g + 24. Suppose -b = 4*f - 84 + 28, 5*f - 3*b - q = 0. What is the tens digit of f?
1
Let j(i) = -i + 5. Let h be j(3). Suppose -h*x + 93 = x. What is the units digit of x?
1
Suppose 2*u - 4 = r + 5, 0 = -5*r - 3*u - 6. Let h be 1 + r - 42/(-7). Let f(l) = 5*l + 1. What is the units digit of f(h)?
1
Suppose 6*x = -0*x + 24. Suppose -x*h + y + 144 = 0, 6*h - 3*h = -3*y + 108. What is the units digit of h?
6
Let a be 20/(-50) + 66/(-10). Let g(l) = -l**2 - 6*l + 17. Let f be g(a). What is the tens digit of f/35 + (-320)/(-7)?
4
Let j(u) = u + 20. Let x be j(-14). Let q = 9 - x. What is the tens digit of q*(6 - (-9)/3)?
2
Let p(z) = 31*z**2 - 25*z + 11. Let k(h) = 15*h**2 